 = -3*u - 21, 0 = -3*u - u + 4*d - 8. Let f(c) = 9*c + 63. Let j be f(u). What is the greatest common factor of 846 and j?
18
Let y = 82 - 66. Suppose -10*s + 2*s + y = 0. Suppose -s*p + 9*p - 91 = 0. What is the highest common factor of 143 and p?
13
Let l be (18/(-5))/((-12)/(-40)). Let s be (-1 - l) + 0/16. Suppose h + 4*g = 82, 3*h - 2*g - s = 263. What is the greatest common divisor of h and 60?
30
Let r = 69 + -67. Suppose r*l - 109 = -5*j, 3*l - 3*j = -j + 116. Calculate the highest common divisor of 18 and l.
6
Let v(w) = -w**2 - 33*w + 58. Let h be v(-11). What is the highest common factor of h and 192?
12
Let b = 141 + -57. Let u = 201 + -203. Let y(h) = -34*h - 47. Let f be y(u). Calculate the highest common divisor of b and f.
21
Let r(g) = -4*g**3 + g**2 - 2*g - 2. Let f = -158 - -157. Let y be r(f). What is the highest common divisor of 25 and y?
5
Let b = 35 - 36. Let o(c) = 8*c**2 - 3*c - 3. Let n be o(b). Let l be 11/4 + 2/n + 9. What is the highest common factor of 72 and l?
12
Let r be 4/(-18) + (-3484152)/(-2268). What is the greatest common divisor of r and 120?
24
Let m(a) = -160 - 15*a + 146 + 17*a. Suppose 4*r + 47 = 3*o, -3*o - 2*o - 2*r + 35 = 0. Let w be m(o). Calculate the highest common factor of w and 44.
4
Let w(b) = -b**2 - 65*b - 163. Let y be w(-9). What is the greatest common factor of 253 and y?
11
Suppose -1790*p - 2*d = -1792*p + 810, -1205 = -3*p + 5*d. What is the greatest common divisor of 902 and p?
82
Let d be ((-40)/12)/5*(-282)/4. Suppose -50*x = -d*x + u - 176, 256 = 4*x - 4*u. What is the highest common divisor of 48 and x?
12
Let d be (3 + -11)/4 - -7. Suppose -n = 3*s - 295, -1074 - 440 = -d*n - 2*s. What is the highest common factor of 38 and n?
38
Suppose -5*d = 4*q - 55, 3*q - 25 = 2*q - 5*d. Let p be 14*1 + 51/(-17). Suppose 0 = -p*t + 2*t + 360. Calculate the greatest common factor of t and q.
10
Let d(g) = 4*g + 5 + 4*g - 5*g. Let x be d(15). Let i be 4/(-30) - 13572/(-540). What is the highest common factor of i and x?
25
Let m(d) = -27*d - 252. Let b be m(-12). Let l(i) = -i**2 - 7*i + 2. Suppose 0 = -5*g - g - 36. Let s be l(g). What is the highest common divisor of b and s?
8
Let r be (168/10)/(9/30). Suppose 4*w + 2*i - 58 = 0, 0 = 4*w + 5*i + 7 - r. Let g = w + 9. Calculate the greatest common divisor of g and 250.
25
Suppose 3*c - 118 - 122 = -2*d, 3*c - 5*d = 219. Calculate the greatest common divisor of c and 5330.
26
Let a(r) = r**2 + 123*r + 720. Let p be a(-6). Calculate the highest common divisor of p and 333.
9
Suppose 420 = 68*l - 61*l. Let w be 4 - -35 - (-2 - -3). Suppose 22 + w = 2*q. Calculate the highest common divisor of q and l.
30
Let f = 6 - -16. Suppose 3*d - 97 = -r, 5*d - 234*r - 167 = -233*r. What is the greatest common divisor of d and f?
11
Let o = 178 + -122. Suppose -3*u + 58 = -o. Calculate the highest common divisor of 342 and u.
38
Suppose 22*n - 348 = 10*n. Suppose -30*s = -n*s - 100. Calculate the highest common factor of 60 and s.
20
Let k be 3 - 0 - -13*14. Suppose 0 = 7*x + k - 1046. Suppose 5*j + 825 = 5*q, 4*q - x = -5*j + 528. Calculate the greatest common divisor of q and 41.
41
Suppose -28088*q + 39216 = -28072*q. What is the highest common factor of q and 228?
57
Suppose -5*l - 10 + 25 = 0. Let g be 15 + (513/(-152) - l/(-8)). What is the highest common divisor of g and 138?
6
Let s = 2181 + -1733. Suppose -37*o + 36*o = -8. Calculate the highest common factor of s and o.
8
Let c be 16367/66 + 127/(-762) + (-4)/(-22). Calculate the greatest common factor of 6324 and c.
124
Suppose 0 = -2*w + 4*d + 2040, 11*w + 3*d - 2857 - 8288 = 0. What is the greatest common divisor of w and 286?
26
Let n(q) = q**3 - 32*q**2 + 295*q - 19. Let m be n(20). What is the greatest common factor of 713 and m?
23
Let l = -18832 - -18895. Calculate the greatest common factor of 13461 and l.
21
Let q = -182 - -188. Let y be 3 + -3 - (-624)/q. What is the highest common divisor of 8 and y?
8
Let y be 882/4 + (-3 - 11/22). What is the greatest common divisor of 49 and y?
7
Suppose 326*w + 1217 + 6711 = 1317*w. Let r be (-159)/2*(-32)/6. What is the greatest common factor of w and r?
8
Suppose 3*q = -5*l + 192, -4*q = -q - 12. Suppose -c - 2*u + 7*u = -171, -u + 684 = 4*c. What is the highest common divisor of l and c?
9
Suppose 40 + 87 = 2*p - i, -5*p + 313 = 2*i. Let m be 810/50 - (-4 - p/(-15)). Calculate the highest common divisor of 10 and m.
2
Let s be 188/3*(-15678)/(-804). Calculate the highest common divisor of s and 234.
26
Suppose 4*s = -2*b + 134, 2*b + 140*s = 141*s + 114. Calculate the greatest common factor of b and 3127.
59
Suppose 45*a + 6*a - 3774 = 0. Suppose 0 = 8*u - a - 54. Calculate the highest common factor of 1 and u.
1
Suppose 58 = 3*y + 34. Suppose 73 - 41 = y*m. Calculate the highest common factor of 22 and m.
2
Let n = -122 - -120. Let w(x) = x**2 - 10*x. Let m be w(n). Suppose 0 = 4*d - 4, 2*d - d + 119 = i. What is the greatest common divisor of m and i?
24
Let x be (((-34)/(-4))/((-15)/(-1128)))/(13/260). What is the highest common factor of 16 and x?
16
Let g = -460 + 840. Suppose -20 + g = 5*n. Calculate the highest common factor of n and 48.
24
Let p = -42 + 52. Suppose p*f - 21 = 3*f. Suppose -35 - 7 = -f*a. Calculate the greatest common divisor of a and 14.
14
Let k be (3 - (-102)/27) + 20/90. Let f be 0 - (-33 + k - 2). Calculate the highest common factor of 574 and f.
14
Suppose 321*r - 391*r = -9100. Calculate the highest common factor of r and 1066.
26
Let w = 44120 - 43900. Let z(v) = 6*v**2 + v - 2. Let b be z(-2). Calculate the greatest common factor of b and w.
20
Let l be ((-1275)/6)/((-2)/4). Suppose -4*c + l = 13*c. Calculate the greatest common factor of 15 and c.
5
Let v = 194 + -115. Let n = v + -69. What is the greatest common factor of n and 2?
2
Let w(u) = 11*u - 22. Let c be w(2). Suppose c = -9*i + 992 + 1258. Calculate the highest common factor of i and 10.
10
Let y = -2050 - -2219. Let c be 255 + 0 + 0 + 1. Let d = c - y. What is the highest common divisor of 58 and d?
29
Let m(d) = 3*d**2 + 82*d + 435. Let o be m(-7). Calculate the highest common factor of 1176 and o.
8
Let f(i) = 83*i + 884. Let k be f(-7). What is the highest common divisor of k and 15?
3
Let d(y) = 37*y - 1173. Let h be d(49). What is the highest common divisor of h and 270?
10
Let x = 61 - -9. Suppose 0 = 84*h - 83*h - x. Calculate the highest common divisor of h and 175.
35
Let s be 3*(-40)/(-6)*(2 - -8). Suppose -5*q + 560 = -3*q. What is the highest common divisor of s and q?
40
Let d = -5964 - -7035. Calculate the highest common factor of d and 765.
153
Let z = -244 + 315. Let p = 76 - z. Calculate the highest common divisor of p and 15.
5
Suppose -r + 2*b = -848 + 844, r - 4*b + 16 = 0. Let n = -32 + 50. What is the highest common divisor of n and r?
6
Suppose -283*o + 260*o + 5773 = 0. Calculate the highest common factor of 2 and o.
1
Suppose -40 = -3*c - 4*u, -2*c - u = u - 24. Let n = 135 - 133. Suppose -86 = -0*g - 2*g - 3*o, -n*g - o = -82. What is the highest common factor of c and g?
8
Suppose -5*s = -3*n - 6 + 14, -5*n - 3*s + 2 = 0. Calculate the greatest common factor of 2284 and n.
1
Let v = 769 - 727. Let b(x) = x + 1. Let h be b(13). Calculate the highest common factor of v and h.
14
Let y be (-4)/10 - (62/(-5) - 0). Suppose -2*c + 5*u = -2 - y, -c + 4 = -u. Suppose 3*b + c*b - 60 = 0. What is the greatest common divisor of b and 204?
12
Let u = -71 + 31. Let z = u + 76. Suppose -17*p + 16*p = -z. What is the highest common divisor of p and 4?
4
Let k(n) = 4*n + 48. Let g be k(24). Suppose -34*b + g = -22*b. Let r(z) = 7*z + 1. Let h be r(5). Calculate the greatest common factor of b and h.
12
Let h be ((-47)/(-8) - 2) + (-4)/(-32). Let r be -1*4/h*-12. Calculate the highest common divisor of r and 192.
12
Suppose -2093*b + 2069*b + 4008 = 0. Calculate the highest common factor of b and 26219.
167
Let l(h) = -10*h - 299. Let b be l(-32). What is the greatest common factor of b and 427?
7
Let z be -4 + ((-8)/4 - 0 - -18). Let c(d) = -2*d**2 + 22*d + 39. Let w be c(z). What is the highest common divisor of w and 27?
3
Suppose 0 = -j - 2*r + 6*r + 49, 2*j - 4*r - 78 = 0. Let g = j - 22. Suppose 24 = -3*n + g*n. What is the 